er?
False
Is 5227 a prime number?
True
Is 449879 a composite number?
False
Is 25985 composite?
True
Is 283799 a prime number?
True
Is 91601 a composite number?
True
Is 29629 prime?
True
Is 94033 a prime number?
True
Is 21971 prime?
False
Is 271253 a composite number?
False
Is 21583 a prime number?
False
Is 84743 a prime number?
False
Is 3821 a prime number?
True
Is 1101 a prime number?
False
Is 40461 prime?
False
Is 57621 a composite number?
True
Is 1535 prime?
False
Is 334619 a prime number?
True
Is 22297 a composite number?
True
Is 139694 a composite number?
True
Is 18979 a composite number?
False
Is 52079 prime?
False
Is 2908871 composite?
True
Is 2069341 prime?
True
Is 7367 a prime number?
False
Is 420139 prime?
False
Is 231701 a prime number?
True
Is 30679 a prime number?
False
Is 749843 a composite number?
False
Is 86069 prime?
True
Is 82883 prime?
True
Is 13385 a prime number?
False
Is 18187 a prime number?
False
Is 914071 prime?
False
Is 37487 composite?
True
Is 40009 a composite number?
False
Is 24547 prime?
True
Is 5534 a composite number?
True
Is 156571 prime?
False
Is 351341 a composite number?
False
Is 2149 prime?
False
Is 989435 a prime number?
False
Is 42877 a composite number?
True
Is 20369 a prime number?
True
Is 38707 prime?
True
Is 9445 a composite number?
True
Is 56089 a prime number?
False
Is 148717 a composite number?
True
Is 12091 prime?
False
Is 819797 composite?
True
Is 3979 a prime number?
False
Is 27535 prime?
False
Is 14971 a prime number?
False
Is 6073 composite?
False
Is 1043 a composite number?
True
Is 5807 a prime number?
True
Is 82651 prime?
True
Is 321493 a composite number?
True
Is 230329 a composite number?
True
Is 1353643 composite?
True
Is 18182 composite?
True
Is 291769 prime?
False
Is 274139 composite?
False
Is 47629 prime?
True
Is 4999 composite?
False
Is 558862 prime?
False
Is 1793 a composite number?
True
Is 104927 a prime number?
False
Is 304541 a composite number?
False
Is 19811 a composite number?
True
Is 36845 prime?
False
Is 14863 prime?
False
Is 9221 a prime number?
True
Is 125797 prime?
False
Is 221833 prime?
False
Is 3959 composite?
True
Is 164006 a prime number?
False
Is 14163 a composite number?
True
Is 3664247 composite?
False
Is 997978 a composite number?
True
Is 26014 composite?
True
Is 124687 prime?
False
Is 450773 a prime number?
False
Is 485 prime?
False
Is 148109 a composite number?
True
Is 32141 a composite number?
False
Is 102057 a composite number?
True
Is 991 composite?
False
Is 393571 a prime number?
True
Is 3901559 a composite number?
True
Is 213646 prime?
False
Is 61669 a prime number?
False
Is 44953 prime?
True
Is 743447 a prime number?
True
Is 599047 composite?
True
Is 192307 a composite number?
False
Is 79221 composite?
True
Is 126541 a composite number?
False
Is 5497 a prime number?
False
Is 62563 a prime number?
True
Is 2010647 a composite number?
False
Is 2579 composite?
False
Is 2521 composite?
False
Is 32345 prime?
False
Is 529057 prime?
False
Is 1193 a prime number?
True
Is 53873 a composite number?
True
Is 346187 prime?
True
Is 10211 prime?
True
Is 132019 prime?
True
Is 87499 composite?
True
Is 53771 a composite number?
True
Is 162569 composite?
True
Is 368647 composite?
False
Is 5129 a composite number?
True
Is 18623 a composite number?
True
Is 38501 prime?
True
Is 176581 a prime number?
False
Is 19378 prime?
False
Is 13751 a composite number?
False
Is 469571 prime?
False
Is 1633 a prime number?
False
Is 280243 a prime number?
True
Is 347965 prime?
False
Is 258763 prime?
True
Is 727813 composite?
True
Is 1757 a prime number?
False
Is 135047 prime?
False
Is 18671 composite?
False
Is 10193 composite?
False
Is 253627 composite?
True
Is 713 composite?
True
Is 136691 composite?
False
Is 9753 prime?
False
Is 15161 a composite number?
False
Is 301931 prime?
False
Is 645193 composite?
True
Is 26749 a prime number?
False
Is 915509 a composite number?
True
Is 3351529 a prime number?
False
Is 609079 composite?
False
Is 46823 prime?
False
Is 13947 prime?
False
Is 6121 prime?
True
Is 7249 a prime number?
False
Is 216491 a prime number?
False
Is 176041 a prime number?
True
Is 537769 prime?
True
Is 19829 prime?
False
Is 96581 prime?
True
Is 51383 composite?
False
Is 7985 composite?
True
Is 67739 prime?
False
Is 59429 a composite number?
True
Is 555931 prime?
True
Is 34417 a prime number?
False
Is 85067 prime?
False
Is 866161 composite?
False
Is 2038829 composite?
True
Is 967 a prime number?
True
Is 12079 a prime number?
False
Is 55049 a composite number?
False
Is 300799 a composite number?
False
Is 41483 composite?
True
Is 3637 a prime number?
True
Is 220621 a prime number?
False
Is 306577 prime?
True
Is 771483 a prime number?
False
Is 198979 composite?
True
Is 4499 prime?
False
Is 3109 composite?
False
Is 49186 composite?
True
Is 60181 a composite number?
True
Is 285599 prime?
True
Is 14111 composite?
True
Is 220531 prime?
False
Is 231149 composite?
True
Is 79669 composite?
False
Is 37919 a prime number?
False
Is 8285 prime?
False
Is 60859 a composite number?
False
Is 570719 composite?
False
Is 1655 prime?
False
Is 16603 a prime number?
True
Is 18861 prime?
False
Is 2005 a prime number?
False
Is 37241 prime?
False
Is 29901 a prime number?
False
Is 31307 composite?
False
Is 4406 composite?
True
Is 17621 a prime number?
False
Is 4369 a composite number?
True
Is 99077 composite?
True
Is 541841 a composite number?
True
Is 1173203 composite?
True
Is 866107 prime?
False
Is 28321 a prime number?
False
Is 9451 prime?
False
Is 110206 a prime number?
False
Is 6742 a prime number?
False
Is 21269 a prime number?
True
Is 43501 prime?
False
Is 20431 prime?
True
Is 746737 a prime number?
True
Is 493 a prime number?
False
Is 20779 a composite number?
True
Is 72577 composite?
False
Is 564413 a prime number?
False
Is 66337 composite?
False
Is 104507 composite?
True
Is 2749 composite?
False
Is 7235 prime?
False
Is 82939 a prime number?
True
Is 385621 a composite number?
False
Is 26651 a composite number?
True
Is 193701 prime?
False
Is 32639 prime?
False
Is 2153 prime?
True
Is 11873 prime?
False
Is 29123 prime?
True
Is 421127 a prime number?
False
Is 152363 prime?
True
Is 49727 composite?
False
Is 1865 composite?
True
Is 34511 composite?
False
Is 1590643 a composite number?
False
Is 262659 a composite number?
True
Is 88211 composite?
False
Is 9221 a composite number?
False
Is 8191 a prime number?
True
Is 57635 composite?
True
Is 4487449 composite?
False
Is 58943 a composite number?
False
Is 6739 composite?
True
Is 46807 composite?
False
Is 15259 composite?
False
Is 20929 a prime number?
True
Is 535627 prime?
True
Is 1140801 a composite number?
True
Is 9197 prime?
False
Is 128593 composite?
True
Is 4424819 prime?
False
Is 233279 composite?
False
Is 313921 composite?
False
Is 142171 composite?
True
Is 619471 a composite number?
False
Is 162347 a prime number?
False
Is 39651 a prime number?
False
Is 8663 a prime number?
True
Is 71531 composite?
True
Is 2105 a composite number?
True
Is 38837 a composite number?
True
Is 285929 a composite number?
True
Is 2611 a composite number?
True
Is 243301 a prime number?
True
Is 278459 a composite number?
False
Is 65973 composite?
True
Is 9923 a composite number?
False
Is 1155851 a prime number?
True
Is 26149 prime?
False
Is 115963 a composite number?
False
Is 84115 a prime number?
False
Is 7451 prime?
True
Is 24169 prime?
True
Is 6599 prime?
True
Is 3691 a composite number?
False
Is 4373641 a composite number?
True
Is 8761 a composite number?
False
Is 119 a prime number?
False
Is 3247 a composite number?
True
Is 124022 composite?
True
Is 8713235 prime?
False
Is 61001 a composite number?
False
Is 31307 a prime number?
True
Is 34631 prime?
True
Is 334927 prime?
False
Is 269513 prime?
True
Is 118451 prime?
False
Is 180179 a composite number?
False
Is 35297 composite?
True
Is 66841 prime?
True
Is 2821769 a composite number?
False
Is 42931 a composite number?
True
Is 5359481 a prime number?
True
Is 6159 a prime number?
False
Is 10919 a composite number?
True
Is 39257 a composite number?
True
Is 1262857 a composite number?
True
Is 30399 a prime number?
False
Is 801419 a prime number?
True
Is 156781 prime?
True
Is 172283 a composite number?
False
Is 37747 a composite 